 the units digit of 64/6*9/f?
6
Let w(f) be the third derivative of f**6/120 + f**5/12 + 5*f**3/6 - f**2. What is the units digit of w(-4)?
1
Suppose -3*g - 1 = -16. Let l = -4 - -7. Suppose -g*d = 2*x - 4 - l, 0 = 5*x + 3*d - 46. What is the tens digit of x?
1
Let g = 130 + -74. What is the units digit of g?
6
Let v = 13 - 8. What is the units digit of v?
5
Let w be 1/(3/(-6) + 1). Let b(u) = -u**2 + u**3 + 4*u**2 + 4*u - w - 2*u**3. What is the tens digit of b(3)?
1
Let f be (-1)/(3/195*1). What is the units digit of 86/5 + 13/f?
7
Let s = 2 - -1. Let g = s + 0. Let i(n) = -n**3 + 3*n**2 + 2*n - 1. What is the units digit of i(g)?
5
Suppose 60 = 17*h - 14*h. What is the tens digit of h?
2
Let h = -261 - -378. What is the hundreds digit of h?
1
Let a = 4 + -2. Suppose -a*z - t = 4*t + 6, 0 = -2*z + 3*t + 10. What is the units digit of 33/27 + z/(-9)?
1
Let t(l) = -4 + 2 + 2 - 10*l + 1. What is the tens digit of t(-1)?
1
Let r(l) = l + 5. Let c be r(-3). Suppose 0 = -c*j + j + 27. What is the tens digit of j?
2
Let k be ((-42)/9)/((-2)/(-6)). Let q = k - -22. What is the units digit of q?
8
Suppose 4*w + 0*w - 16 = 0. Suppose -2*d = -3*u - 5*d + 159, 0 = 4*u - 5*d - 203. Suppose u = 4*a - 0*z - w*z, -4*z + 23 = a. What is the units digit of a?
5
Suppose -4*r - 4*q + 934 = r, 5*r = -5*q + 935. What is the units digit of r?
6
Let v = 412 - 292. Suppose -v = -4*k + 2*d - 0*d, 0 = 5*k + d - 143. What is the units digit of k?
9
Suppose -4 = 3*r + r. Let o(f) = -10*f. What is the tens digit of o(r)?
1
Let q(p) = p + 11. Let j be q(8). Suppose j = 5*x - 31. Let n = x - 6. What is the units digit of n?
4
What is the tens digit of (-354)/(-5) - 4/(-20)*1?
7
Suppose 0*r + 14 = 2*r. Let a be -15*(1 + r/(-3)). Let j = -12 + a. What is the units digit of j?
8
Suppose -z = 3*z - 112. What is the units digit of z?
8
Let a(y) = -y**3 + 8*y**2 - 6*y - 6. Let r be a(7). Let o = 0 - r. What is the tens digit of 1/(-3*o/45)?
1
Let u(z) = -z - 11. Let s be u(-8). Let d(y) = -4*y - 3. What is the units digit of d(s)?
9
Suppose -3*n + n + 86 = 0. Let u = n - 23. Suppose 0 = -i + 5*i - u. What is the units digit of i?
5
Suppose 0 = 4*l - 2*y - 592 + 158, -5*l + 4*y + 547 = 0. What is the hundreds digit of l?
1
Let j(a) = 7*a**2 + 8*a + 1. Let o(d) = -6*d**2 - 7*d. Let c(i) = -5*j(i) - 6*o(i). What is the tens digit of c(-6)?
1
Let z(s) = -132*s + 6. What is the hundreds digit of z(-1)?
1
What is the units digit of (-696)/(-9)*(-3 - (-21)/4)?
4
Suppose 36 = 5*i + 1. Let t(b) = b - 7. Let r be t(i). Suppose -4*w - w + 80 = r. What is the units digit of w?
6
Suppose 4*r - 9 = -1. Suppose 7*s + 10 = r*s. What is the units digit of 1/(s/2) + 7?
6
Suppose -29*n = -25*n - 36. What is the units digit of n?
9
Let s(k) = 7*k - 6. Suppose -3*x - 5 = -17. What is the tens digit of s(x)?
2
Let x(a) be the second derivative of -a**5/20 - a**4/2 - 4*a**3/3 - 2*a**2 + 3*a. What is the units digit of x(-5)?
1
Suppose -o - o + 2*s = 0, 10 = 3*o + 2*s. What is the units digit of (-2)/(-2) + (o - -2)?
5
Let w = 4 + -1. Suppose -w*s + 230 = 2*s. What is the units digit of s?
6
Let y(q) = -11*q + 13*q + 10*q + 14*q. Let m be y(2). What is the tens digit of 1/(-1) - m/(-4)?
1
Suppose -3*l + 50 = -1. What is the tens digit of l?
1
Suppose 8*f - 815 - 881 = 0. What is the units digit of f?
2
Suppose -4*s - 2 - 4 = 2*p, 2*p = 3*s + 15. Suppose p*z - 26 = -m + 24, 0 = 5*z + 3*m - 78. What is the units digit of z?
8
Let c be (-1)/((-36)/(-39) - 1). Suppose -9 = 3*a + 5*j - 43, 5*j = 4*a + c. Let m = 4 + a. What is the units digit of m?
7
Suppose 4*u + 16 = 0, 0 = 5*s - 3*u - 994 + 242. What is the hundreds digit of s?
1
Let i(q) = q**3 - q + 2. Suppose 0*w = w - 2. Let j be i(w). Let u = 16 - j. What is the units digit of u?
8
Suppose 15 = 3*s - 3*q, 0 = 2*q + 3 - 9. Let t be (-15)/(-3) - (-2)/(-2). Suppose t*p = 24 - s. What is the units digit of p?
4
Let w = -157 + 338. What is the units digit of w?
1
Suppose 9 = y + 2*y. Suppose 4*o - 7 = -5*f, 0*o + y*o + f - 8 = 0. What is the units digit of o?
3
Suppose 2*j - 3*y = 65, -3*j + 14 + 46 = 3*y. Suppose -4*l - j = -65. What is the units digit of l?
0
Let t be 4/6 - (-543)/9. Let w = t + -41. Suppose 3*n - w = 5*z + 11, 2*n - z - 9 = 0. What is the units digit of n?
2
What is the tens digit of 2*36 - (-5 - -7)?
7
Let p = -7 + 15. Let g = p - 1. What is the units digit of 2 + g + 0/(-3)?
9
Let n be 10/(-4)*(11 - 13). Suppose -n*t + a + 39 = 0, 7*a - 2*a = -t - 13. What is the units digit of t?
7
Let i be 6/(-5)*(-15)/(-3). What is the units digit of 3/i*(-2 - 0)?
1
Let a = 7 + -6. Let x(m) = 0 - m**3 + 9*m + 5*m**2 + a - 7*m. What is the tens digit of x(5)?
1
Suppose 0 = -z + 12 + 28. Suppose -4*a + 4*o + z = 0, 0*a + 3*a + 3*o - 36 = 0. What is the tens digit of a?
1
Let x(i) = 4*i - 12. Suppose 4*y - 34 - 6 = 0. Let s be x(y). Let h = 43 - s. What is the units digit of h?
5
Let h(z) = 6*z**2 + 4*z + 2. Let p be h(-2). Suppose 0 = k + 4*m - 7, 5*k = 2*m + p + 17. Let x = -4 + k. What is the units digit of x?
3
Let l be 25/5 - (0 + 0). Let k = 21 - l. What is the tens digit of k?
1
Suppose 2*t + 2 = 4. Suppose t = w + 3. What is the units digit of w*9/(-12)*4?
6
Let o(l) = -3*l - 19. Let f(z) = 2*z + 13. Let s(v) = 8*f(v) + 5*o(v). Let a be s(-6). What is the units digit of -2 + (a - 3) - -12?
0
Let x(u) = u**3 + 6*u**2 + 3*u - 4. Suppose 0*l - 25 = 5*l. What is the units digit of x(l)?
6
Suppose 5*p - 4*n + 44 - 275 = 0, 0 = -2*p + n + 93. What is the units digit of p?
7
Let z(f) = f**2 - 5*f + 5. Let v be z(5). Suppose 13 = v*c - 27. Let s = 21 - c. What is the tens digit of s?
1
Let d = -16 + 11. What is the units digit of (0 + d)/(7/(-77))?
5
Let b = 4 + -3. Let a(z) = 6*z**2 - 1. What is the units digit of a(b)?
5
Suppose -d - 6 = -0*d. Let r = 13 + d. What is the units digit of r?
7
Suppose 4 - 12 = 4*f. What is the tens digit of (-1)/(f - 292/(-148))?
3
Let q(k) = -k**3 + 6*k**2 + 2*k. Let d be 18*(-2 + 21/9). What is the units digit of q(d)?
2
Let v(z) = 2*z**3 + z**2 + 1. What is the units digit of v(2)?
1
Let c(r) = 3*r + 7. Let t be c(8). Let g = t + -18. What is the units digit of g?
3
Let m = 10 - 5. Suppose -5*r = m*p - 15 - 0, 0 = -5*p + 4*r - 3. What is the units digit of p?
1
Suppose -2*a + 6 = -2. Let p = -3 + a. What is the units digit of 8*(4/2 - p)?
8
Let p be 4/10 + 218/5. Let i = p - 29. What is the tens digit of i?
1
Suppose 2*h + h = 9, 3*h - 69 = -z. Suppose -2*g - g + z = 0. What is the tens digit of g?
2
Let t = 74 + -66. What is the units digit of t?
8
Let l(w) = -2*w**3 - 4*w**2 - w + 2. Let k be l(-2). Suppose 6*t - k*t = 4. Suppose 5*z - 4*q = 59 + t, 0 = -5*q - 20. What is the units digit of z?
9
Let a(l) = 4*l + 13. What is the units digit of a(8)?
5
Suppose -16*t + 2390 = -3210. What is the tens digit of t?
5
Let m(q) = 2*q**2 - 1. Let y be m(1). Suppose 2*t = -j + 3 + y, 4*j = t + 7. What is the units digit of t?
1
Let j(l) = 4*l - 3. Let x be j(2). Suppose 2 = -2*f - 2*f + x*c, 4*c = 8. What is the units digit of f?
2
Let t(f) be the second derivative of f**5/20 + f**4/6 - f**3/6 - 4*f. Let k(b) = b + 1. Let x be k(0). What is the units digit of t(x)?
2
Suppose -2*p - 29 = -57. What is the tens digit of p?
1
Suppose 2*o + 1 = 3. What is the units digit of o?
1
What is the units digit of (-838)/(-10) + (-10)/(-50) + 3?
7
Let l(u) = u**2 - 9*u - 18. Let a be l(-8). Suppose 5*t = 5*v - 87 - a, -t = 4*v - 179. What is the units digit of v?
4
Let i(r) = -r**2 - 5*r + 7. Suppose 65 = 5*t - 3*g, 3*t + 25 = 4*t - 3*g. Let w be t/(-35) + 66/(-14). What is the units digit of i(w)?
7
Suppose 4*r - 59 = -y - 12, -y + r = -57. What is the tens digit of y?
5
Let k(o) = -17*o**2 + 1. Suppose 0 = r - 6*r - 5*z - 15, -3*r - 5*z - 13 = 0. Let f be k(r). What is the units digit of f/(-6) + (-2)/(-6)?
3
Suppose -471 = -4*c + c + 3*s, -4*s = c - 177. What is the hundreds digit of c?
1
Let q = 55 + -15. What is the tens digit of q?
4
Let i(l) = 2*l**2 - 8*l - 4. Let t be i(8). Suppose t = d + 3*d. What is the tens digit of d?
1
Let o(s) = -4*s**3 + 3*s**2 - 2*s + 2. Let a be o(2). Let h = a - -32. What is the tens digit of h?
1
What is the tens digit of (-2)/1 - (12 - 98)?
8
Let b(i) = -i**2 - 1. Let s(m) = 3*m**2 + 7*m + 1. 